?
9
Evaluate (12 - -2) + (-29 - (79 + -146)).
52
Calculate 3 + (-12 - (-9 + (-4 - (9 + -12)))).
1
18 - ((-18 - -20) + 5) - 52
-41
What is 48 - (11 + 92 - 66)?
11
-67 - (-141 + 50 - -3)
21
What is 3 + -18 + (3 - (3 + -6 - -4) - -9)?
-4
-39 + 98 + -68 + 20
11
What is the value of (13 - 27) + (-53 - -83)?
16
Calculate (16 - 0 - (-15 + 25 + -10 + 11)) + 100.
105
What is the value of 114 + (95 - (145 - 41))?
105
Evaluate -73 + (-25 - (-30 - -4)) + 0 + -19.
-91
Evaluate 62 - ((-143 - -361) + -141).
-15
Evaluate -21 - (-54 + (58 - -16)).
-41
-4 + 0 + -121 + (152 + -158 - -5)
-126
(4 - -4) + -24 + 3 + 4 + -44
-53
What is -57 + 56 + (1 - 16) - (-76 + 11)?
49
What is (-2 - 54) + (286 - 281) + (-2 - 0) + -1?
-54
(-14 - -1 - (84 + -46 + -45)) + 42
36
Calculate 41 - (26 + (20 - 22) + -27).
44
46 + -69 + 60 - (-1 - -17)
21
Calculate 9 + 6 - (-32 + 129) - 0 - -16.
-66
What is the value of -1 + -54 + (-920 - -944)?
-31
What is -6 + -1 - ((2 - 51) + (138 - 104))?
8
Calculate 0 - (-3 + 0) - (23 + (8 - (8 + 0))).
-20
What is 24 - (171 + -164 + (-5 + 1 - (-15 - -10)))?
16
What is the value of 4 - (14 - -4) - -4 - 10?
-20
What is 28 - 0 - (-118 - (-205 + 77))?
18
What is 12288 + -12428 - (-178 + 0)?
38
-6 + (12 - 25) + 12 + (5 - 10) + 56
44
What is the value of -9 - (85 + -61 + (5 - 4) + 14)?
-48
26 + (51 - -1) - 42
36
Calculate 38 + -44 + 54 - -73.
121
What is the value of -5 + (-1 - (1 + -7) - (-1379 - -1388))?
-9
Evaluate 50 - (26 - 9) - -1.
34
What is (-76 - (23 - 59)) + 86?
46
Evaluate -58 - (-17 + 0 - (-32 + -25 + 43)).
-55
What is the value of 22 + (-38 - -16) - -7?
7
Calculate 9 + -2 + (-51 + 45 - (-2 + -4)) + 14.
21
What is -1 + -4 - (41 - (-59 - -144) - -120)?
-81
What is -10 + (16 - (8 + -21)) - -19?
38
21 + -104 + (354 - 229)
42
Evaluate 0 + 91 + (20 - 19) + -28.
64
Evaluate (-36 - -27) + -43 + 4.
-48
What is the value of -67 + (-78 - 0) + 108?
-37
Evaluate 0 - -12 - ((-1 - 1) + (-745 - -796)).
-37
Calculate 57 + -1 + 8 + (-9 - -1 - (6 + -12)).
62
What is the value of (-17 - (-12 + (13 - 2))) + 17 + 43?
44
Calculate 27 + -123 + 111 - (-95 - 0).
110
Calculate 11 + (20 - 73) - (-19 + 14 + -3).
-34
Calculate 39 + -55 - (15 + -1 + -18 + 20).
-32
Calculate (-9 - (-4 - 24)) + 15 + -14 + -7.
13
Evaluate -2 + 25 + -38 - (-49 + 3 + 3).
28
Calculate 1220 + -1196 - (9 + 2 + -1 + -4).
18
(0 - -1) + 146 - (100 + -98) - 15
130
Evaluate (-78 - 12) + ((-11 - -11) + 9 - -4).
-77
What is (625 - 651) + (-1 - -1) + 76?
50
-13 + 7 - -8 - 4 - (33 - 17 - 18)
0
Evaluate (2 - (-70 + (15 - 12))) + -7 + 1.
63
What is the value of -41 + (10 - -2) - (-38 + -43)?
52
Evaluate (-4 - -9) + 4 + (-5 - (-2 - 16 - -5)).
17
What is the value of -1 + -1 - (-114 - -116) - (-2 + 76)?
-78
What is the value of 84 + (66 - 72) - (-1 + 9 - (3 - 4))?
69
What is the value of 10395 + -10570 + 139 + 1?
-35
What is 5 + -9 + 111 - (1225 - 1199)?
81
Evaluate 6 + -20 - (-1 - 10 - (342 + -401)).
-62
Calculate 50 - (2 + 11 - 15).
52
Calculate (-28 - -13) + (2 - (-75 - (0 - 7))).
55
Calculate 12 + -2 + -9 + (-2 + 5 - 17).
-13
(5 - (15 + (-18 - 19) - -18)) + 24
33
What is 3 + 8 - (-89 - (33 + -186))?
-53
What is 19 + -62 + 9 - (22 + 17)?
-73
-41 + (2 - 58 - (383 - 409))
-71
What is 5 + 1 + -15 + 18 + -20 + -7 + -20?
-38
What is the value of 55 - -3 - (-27 + 7 + (-2 - -18))?
62
Evaluate 8268 + -8230 - (1 + -2 - 1).
40
Evaluate 238 - 255 - (4 - 2) - -17.
-2
Evaluate (19 - (12 - 26)) + -11 + -7.
15
Evaluate -26 + (183 - (15 + 53)).
89
Calculate 1232 - 1195 - (52 + 2 + -2).
-15
Calculate 37 + 0 + 1076 + -1149.
-36
What is the value of (8 + (-15 + -14 + 26 - 0) - 0) + -124?
-119
What is the value of 7 - (-53 + 36 + -29)?
53
-396 + 259 + 103 + (76 - -1)
43
What is (-35 - 0) + (-3 - (-3 - 27 - -22))?
-30
-38 + 80 + -18 + 0 - -8
32
What is the value of 51 - (17 + (69 - 14))?
-21
What is the value of 71 - (-3 + 4 + 6 - (8 + 10 - 15))?
67
Evaluate (4 + -149 - 3) + 201.
53
30 + -70 + 21 - -88
69
What is -3 + -1 + 7 - (7 - 19)?
15
-88 + 34 - (26 - 37)
-43
Calculate (-328 - -172) + 121 - (-2 - 11).
-22
What is -15 + (-19 + 25 - 14) + 14?
-9
What is -16 + -6 + 3 + (9 - 10) + 51?
31
0 - ((0 + 2 - ((-32 - -41) + 2)) + 76)
-67
Calculate -101 - (-12 - (-18 + (-9 - -13) + 1 + 2)).
-100
Evaluate (-5 - (-9 - 5)) + 30 + -7.
32
What is (4 + -12 + -2 - (-106 - -93)) + -9?
-6
(-108 - (0 + -113)) + -89
-84
Calculate (-106 - 5) + (-16 - (0 + 17 + -43 + 8)).
-109
Evaluate 0 + -35 + -1 - (-113 - -45 - -64).
-32
Calculate (186 - 193 - (-1 - 1)) + 0 - 41 - 10.
-56
Evaluate -745 + 691 + 5 + 60.
11
Evaluate -18 + (0 - 29) + 32 + -10.
-25
What is (212 - 191) + (-1 - 5) - (19 - 0)?
-4
What is -51 + 19 - (-5 + 0 + -18)?
-9
Evaluate (400 - 428) + 27 + 4.
3
Calculate -81 + 98 + 133 + -259.
-109
3494 + -3434 + (0 - (-16 - (-2 + 2)))
76
Calculate (-18 - (22 - 55) - 20) + -2.
-7
What is (-11 - (116 - -9)) + 1 + 4 + 1 + -14?
-144
(251 - 244) + (-37 - (-3 - 6))
-21
-73 + -29 + 30 + 35
-37
1 + 11 - (-17 - -9 - -6 - -76)
-62
What is 8 + (-8 - 0 - 7) + (21 - 40)?
-26
What is the value of 6813 - 6918 - (-72 - -1)?
-34
What is 5 + -19 + -1 + -4 - (5 - (11 + -2))?
-15
(-142 - -26) + 15 + -1 + (5 - -11)
-86
What is the value of 16 + 2 + 8 + (14 - -12) + -16?
36
What is -32 + 17 + 14 + 20 + 19?
38
Evaluate -5 - -1 - -11 - (5 - (7 + -8 + 7)).
8
Evaluate 5 - (2 + -3) - (-504 + 493).
17
Evaluate -90 + 186 - (-6 - (-9 - 3 - (-8 + 3))).
95
What is (25 - 14 - 7) + -6 + -14 + 7?
-9
What is 102 + 102 + -212 + 0 + 16 + 0?
8
Evaluate 14 + 2 + (191 - 210) + 35.
32
(38 + -63 - -11) + (3 - -14)
3
Evaluate 18 - (11 - (-52 - -63)).
18
Evaluate (-19 - -79) + 38 + -45.
53
Calculate 1 + -16 - (-41 - (38 + -52)).
12
(0 - 0) + (-53 - -51) + -63 + 2 + -1
-64
Evaluate 108 + (10 - (-8 + 18)) - (12 - (-8 - -6)).
94
Calculate 34 + -18 + (47 - 6) - ((6 - 12) + -2).
65
28 + 26 + (-16 - -16 - (-2 - 4)) + 4
64
What is -268 + -3 + 1476 + -1335?
-130
-183 + 72 - (-163 + 101)
-49
What is the value of 7 - (-112 - -109 - (1 + (0 + -2 - -2)))?
11
(141 - (9 + -3)) + (18 - -23 - 32)
144
What is the value of 21 - 1 - (-9 + (33 - 12 - -5))?
3
Calculate 17 + (21 - 37) + 11.
12
244 - 238 - (7 - (1 + 1)) - -39
40
Calculate 3 + 21 + 2 + 91 + -163.
-46
What is the value of -4 + (2 - (-102 - (8 + -4)) - (70 + -59))?
93
Evaluate 3 - (0 + 26) - (18 - 37).
-4
Evaluate -1 + (27 - 46) + 70 - -5.
55
What is 54 - ((104 - 30) + -24)?
4
What is the value of 1 - (55 - (16 - -26))?
-12
Calculate (29 + -10 + -38 + 28 - -2) + -45.
-34
Calculate -45 + 72 + 6 - 24.
9
1 - 28 - -2 - (-75 + 147 - 79)
-18
Evaluate 31 + (37 - -25) + (3 - 4) + -3.
89
Evaluate -63 + (2632 - 2622 - (31 - 1)).
-83
What is 14 + (-2 - -7) + (59 + -56 - -70)?
92
Evaluate 79 - (35 + -8 - (5 + 10)).
67
-17 + 135 + -59 - 44
15
What is 57 - 12 - (-5 + 6 - (-4 + 6))?
46
What is 59 + -89 - -23 - -37?
30
Evaluate -77 - 28 - (3 - 156).
48
What is -4 + (46 - -10) + (5 - 12) + -1?
44
Calculate -2 + -65 + 2528 + -2448.
13
Evaluate -68 + (-16 - (-8 + (13 - 21))) + -1.
-69
What is the value of (5 - (14 + -9)) + -11 - 22?
-33
What is (339 - 282) + (5 - (6 + -9 + 1 + -4))?
68
What is the value of (-3 - (1 + 3 + -4)) + -2 - (234 + -172)?
-67
(46 - 67) + -36 + 54 - (-36 + 0)
33
Calculate (-1 + (2 - 1) - (-14487 + 14465)) + 40.
62
60 + (3 - (-11 + -3)) + -372 + 373
78
Calculate 65 + -31 + 17 + 56 + -1.
106
What is -98 + 207 + -80 - (-12 - -1)?
40
What is the value of 9 - ((-9 - -20) + 0) - -32?
30
Calculate (-39 - (-23 - 3)) + (2 - -19).
8
-20 + 177 + -58 + -2 + -10 - -6
93
What is the value of 19 + -30 + 29 + -21?
-3
What is -266 + -1123 - -1396 - ((0 - -1) + 0 + 145)?
-139
-2 + -81 + 1 + 0 + -1 + 28363 + -28378
-98
Evaluate (45 - -6) + (-6 - (35 - 16)).
26
What is -50 - -7 - (-45 + 49) - 16?
-63
(13 - (21 + (-2 - 5))) + -51 + -10
-62
Evaluate 9 + (-33 + 10 - -23) + -43.
-34
Evaluate 31 - 2 - (14 + -132 + 168).
-21
Evaluate -103 - ((35 + -31 - 10) + 0 + -2) - 13.
-108
5 - -3 - -6 - (47 - (-30 + -8))
-71
Evaluate (18 - ((-12 - (-5 - 1)) + 17)) + (45 - 2).
50
Calculate 1 + (123 - 23) + (11 - 41).
71
What is 173 - 203 - (-42 - 6)?
18
(2810 + -2810 - (-1 - 62)) + (-6 - -1)
58
What is the value of (-1 + 2 - 4) + (22 - ((-38 - -44) + 20))?
-7
What is (102 - 139 - 101) + 62?
-76
Evaluate -1 + -3 + (4 - 14 - (5 - 4) - -79).
64
What is 1 - 2 - -12 - (68 + 11 + -72)?
